n thousands digit of 5042689?
4
What is the thousands digit of 7554667?
4
What is the units digit of 28770803?
3
What is the ten millions digit of 42297069?
4
What is the hundred thousands digit of 699628?
6
What is the tens digit of 576178?
7
What is the hundreds digit of 904772?
7
What is the tens digit of 1369958?
5
What is the hundreds digit of 602429?
4
What is the millions digit of 3933719?
3
What is the ten thousands digit of 204330?
0
What is the ten millions digit of 24647976?
2
What is the hundred thousands digit of 22897659?
8
What is the units digit of 314668?
8
What is the ten thousands digit of 322099?
2
What is the ten thousands digit of 1236378?
3
What is the hundreds digit of 265893?
8
What is the tens digit of 7917671?
7
What is the thousands digit of 3255705?
5
What is the hundred thousands digit of 2794253?
7
What is the ten thousands digit of 293691?
9
What is the thousands digit of 5920521?
0
What is the tens digit of 42721?
2
What is the hundreds digit of 18555167?
1
What is the hundred thousands digit of 326828?
3
What is the ten thousands digit of 7016501?
1
What is the hundred thousands digit of 300224?
3
What is the millions digit of 29691697?
9
What is the hundred thousands digit of 642927?
6
What is the tens digit of 15210013?
1
What is the thousands digit of 92063?
2
What is the units digit of 155618?
8
What is the tens digit of 5888784?
8
What is the hundred thousands digit of 4770314?
7
What is the tens digit of 15599785?
8
What is the ten thousands digit of 21025071?
2
What is the hundred thousands digit of 2919715?
9
What is the hundred thousands digit of 1759442?
7
What is the hundreds digit of 3629884?
8
What is the units digit of 170882?
2
What is the hundreds digit of 105625?
6
What is the units digit of 891028?
8
What is the hundreds digit of 16756584?
5
What is the hundreds digit of 362657?
6
What is the units digit of 525454?
4
What is the tens digit of 303912?
1
What is the thousands digit of 1049005?
9
What is the hundreds digit of 336971?
9
What is the hundreds digit of 165665?
6
What is the hundreds digit of 416560?
5
What is the units digit of 15720038?
8
What is the hundred thousands digit of 221867?
2
What is the hundred thousands digit of 22670302?
6
What is the hundreds digit of 3348191?
1
What is the hundreds digit of 1315193?
1
What is the ten thousands digit of 14477050?
7
What is the thousands digit of 3017743?
7
What is the millions digit of 1313379?
1
What is the tens digit of 6225680?
8
What is the thousands digit of 147047?
7
What is the hundreds digit of 152752?
7
What is the hundreds digit of 1036824?
8
What is the thousands digit of 142702?
2
What is the hundred thousands digit of 28124593?
1
What is the hundreds digit of 14488195?
1
What is the units digit of 1228006?
6
What is the hundreds digit of 89911?
9
What is the thousands digit of 197933?
7
What is the hundred thousands digit of 396659?
3
What is the tens digit of 3478234?
3
What is the units digit of 1119728?
8
What is the thousands digit of 19298134?
8
What is the hundred thousands digit of 226215?
2
What is the hundreds digit of 28506113?
1
What is the tens digit of 5765673?
7
What is the millions digit of 14484638?
4
What is the units digit of 254271?
1
What is the hundreds digit of 1764423?
4
What is the tens digit of 257404?
0
What is the hundred thousands digit of 5286871?
2
What is the hundred thousands digit of 1027906?
0
What is the ten thousands digit of 1961777?
6
What is the units digit of 1216900?
0
What is the tens digit of 119537?
3
What is the hundreds digit of 23895465?
4
What is the ten thousands digit of 2294564?
9
What is the units digit of 19295114?
4
What is the hundreds digit of 720406?
4
What is the ten millions digit of 19789282?
1
What is the units digit of 5732753?
3
What is the thousands digit of 396269?
6
What is the hundred thousands digit of 142893?
1
What is the units digit of 2395164?
4
What is the thousands digit of 9319476?
9
What is the units digit of 395216?
6
What is the units digit of 1853980?
0
What is the ten thousands digit of 430012?
3
What is the tens digit of 542999?
9
What is the millions digit of 9695385?
9
What is the units digit of 143622?
2
What is the hundred thousands digit of 5649459?
6
What is the units digit of 310961?
1
What is the ten millions digit of 14278855?
1
What is the units digit of 30404?
4
What is the hundred thousands digit of 11321882?
3
What is the tens digit of 295315?
1
What is the hundreds digit of 8121955?
9
What is the hundred thousands digit of 319001?
3
What is the hundreds digit of 10804823?
8
What is the units digit of 264181?
1
What is the thousands digit of 2247639?
7
What is the thousands digit of 161697?
1
What is the thousands digit of 3866779?
6
What is the ten thousands digit of 17164?
1
What is the thousands digit of 204711?
4
What is the tens digit of 338404?
0
What is the thousands digit of 496449?
6
What is the ten thousands digit of 3189747?
8
What is the thousands digit of 38350353?
0
What is the units digit of 1852858?
8
What is the ten thousands digit of 8451377?
5
What is the units digit of 4820459?
9
What is the ten millions digit of 15873605?
1
What is the tens digit of 4205976?
7
What is the tens digit of 281051?
5
What is the hundreds digit of 17269130?
1
What is the hundred thousands digit of 20769616?
7
What is the thousands digit of 857315?
7
What is the hundred thousands digit of 153756?
1
What is the tens digit of 5147339?
3
What is the ten thousands digit of 3053872?
5
What is the hundred thousands digit of 28178689?
1
What is the hundred thousands digit of 204964?
2
What is the hundreds digit of 4673735?
7
What is the thousands digit of 449881?
9
What is the units digit of 4021677?
7
What is the ten thousands digit of 33398?
3
What is the ten thousands digit of 519366?
1
What is the hundred thousands digit of 2137198?
1
What is the hundreds digit of 3619121?
1
What is the thousands digit of 460100?
0
What is the ten thousands digit of 19456326?
5
What is the hundred thousands digit of 150647?
1
What is the tens digit of 32650?
5
What is the thousands digit of 655853?
5
What is the ten thousands digit of 96028?
9
What is the ten thousands digit of 14972?
1
What is the tens digit of 385482?
8
What is the thousands digit of 36572410?
2
What is the tens digit of 3956134?
3
What is the units digit of 2502688?
8
What is the ten thousands digit of 8814280?
1
What is the hundred thousands digit of 392436?
3
What is the ten thousands digit of 8155545?
5
What is the hundreds digit of 199834?
8
What is the thousands digit of 9322825?
2
What is the millions digit of 1332055?
1
What is the tens digit of 2638666?
6
What is the hundreds digit of 196251?
2
What is the thousands digit of 303201?
3
What is the ten thousands digit of 331022?
3
What is the millions digit of 6419758?
6
What is the hundred thousands digit of 259982?
2
What is the units digit of 5487925?
5
What is the hundred thousands digit of 21086167?
0
What is the units digit of 11366431?
1
What is the units digit of 87653?
3
What is the hundreds digit of 38688?
6
What is the ten thousands digit of 182205?
8
What is the thousands digit of 980728?
0
What is the units digit of 3020470?
0
What is the hundred thousands digit of 226432?
2
What is the thousands digit of 9001?
9
What is the millions digit of 25280870?
5
What is the millions digit of 4471434?
4
What is the thousands digit of 51217?
1
What is the hundreds digit of 7575880?
8
What is the ten thousands digit of 64205?
6
What is the hundred thousands digit of 20607286?
6
What is the units digit of 374969?
9
What is the units digit of 69953?
3
What is the tens digit of 4718757?
5
What is the millions digit of 14510004?
4
What is the hundred thousands digit of 376843?
3
What is the units digit of 481501?
1
What is the units digit of 7424400?
0
What is the units digit of 1691056?
6
What is the ten thousands digit of 2636367?
3
What is the tens digit of 85411?
1
What is the thousands digit of 7721326?
1
What is the hundreds digit of 34871?
8
What is the thousands digit of 22683983?
3
What is the units digit of 94884?
4
What is the thousands digit of 11537640?
7
What is the millions digit of 4768213?
4
What is the te